 - 1/68. Let x(q) be the first derivative of 7/2*q**2 + w*q**4 + 7/3*q**3 - 3 - 2*q. Calculate x(-6).
-8
Let p(b) = 4*b**3 + 9*b**2 + b - 5. Let k(w) = 2*w**3 + 5*w**2 + w - 2. Let l(r) = 9*k(r) - 4*p(r). Calculate l(-4).
-2
Let l = 32 + -20. Let i(x) = -x**2 + 12*x - 10. Let k be i(l). Let t = 10 + k. Let u(r) = r**2 - r - 4. What is u(t)?
-4
Let k(u) = u**2 + u - 2. Let o be -1 - 1 - (-44)/11. What is k(o)?
4
Suppose 14*k = 48*k + 510. Let b(d) = -d**2 - 15*d - 6. Determine b(k).
-6
Let s(t) = -8 + 2 + 3*t - 5*t + 9*t. Let l(k) be the first derivative of -15*k**2/2 + 13*k - 1. Let o(j) = -6*l(j) - 13*s(j). Calculate o(4).
-4
Let g(y) = -y**2 - 7*y. Suppose -13*v - 133 = 6*v. What is g(v)?
0
Let k(h) = -7*h + 2. Suppose -13*w = 4*w - 34. Determine k(w).
-12
Let s(t) be the second derivative of -t**4/12 - 7*t**3/3 + 9*t**2/2 + 10*t. Calculate s(-15).
-6
Suppose 5*m + 37 = -29*r + 25*r, 40 = -4*m + 2*r. Let a(g) = 2*g + 1. Give a(m).
-17
Let y(s) = s**2 + 14*s - 37. Let x be y(-16). Let g(w) = -w**2 - 8*w - 7. Determine g(x).
8
Let c(l) = -4*l**2 - 35 + 4*l + 37 + 2*l + 5*l**2. Calculate c(-4).
-6
Let h(x) = 3 - x**2 - 3 - 5*x - 4. Let r be 18/(-10)*175/(-21). Suppose t + 5*s + r = -0*t, -3*t + s - 13 = 0. What is h(t)?
-4
Let p(k) be the third derivative of 0*k - 23*k**2 - 7/24*k**4 + 0 - 1/120*k**6 - 1/12*k**5 - 1/2*k**3. Calculate p(-5).
32
Let t be 2 + (-2 + 1)/1. Let g(m) = m**2 + 6*m - 3. Let j(b) = -1. Let x(a) = t*g(a) + 4*j(a). Determine x(-6).
-7
Let c(s) = 11*s**2 - 13*s - 2. Let u(v) = -10*v**2 + 12*v + 1. Let r(m) = -5*c(m) - 6*u(m). Let j(l) = 4*l**2 - 7*l + 4. Let f(o) = -4*j(o) + 3*r(o). Give f(5).
6
Let g(j) = -1. Let u(f) = 2*f**3 - f**2 - 2*f - 1. Let c be u(0). Let x(y) = -2*y - 12. Let k(n) = c*x(n) + 5*g(n). Calculate k(-6).
-5
Let c(u) = u**3 - u - 1. Let w(a) = 5*a**3 + 3*a**2 - 6*a - 1. Let b(t) = -6*c(t) + w(t). Let i(l) = -3*l - 11. Let o be i(-5). Give b(o).
-11
Let p(b) be the second derivative of b**4/12 - 5*b**3/3 - b**2/2 - 36*b - 3. What is p(7)?
-22
Let m(u) be the first derivative of -u**4/4 + 4*u**3/3 + u + 198. Calculate m(3).
10
Let h(c) = -c + 9. Suppose -2*t + 40 = 4*v, -v - t + 5 = -3*t. Let x be h(v). Let m(q) = -q**3 - q**2 + q. What is m(x)?
0
Let t(s) = -8*s - 1. Let c(a) = -a - 1. Let w(x) = c(x) - t(x). Suppose y = -y + 2. Calculate w(y).
7
Let i(d) = d**3 + 8*d**2 + 3*d - 16. Let g be i(-7). Suppose -g*v = v - 65. Let n(w) = 3*w - 7. Calculate n(v).
8
Let j(h) = -14*h**3 - 2*h**2 + 6*h + 20. Let b(u) = -5*u**3 - u**2 + 2*u + 7. Let w be -6*(-82)/44 + (-2)/11. Let g(o) = w*b(o) - 4*j(o). Determine g(4).
5
Let n(x) = -x**3 - 2*x - 3. Let i(z) = 2*z**3 - 14*z - 17. Let s(r) = -i(r) + 6*n(r). Let v be 2/(-2) + 3 + -1. What is s(v)?
-7
Let z = -22 - -13. Let f be 228/(-8)*(-6)/z. Let u be (-57)/f - (-1 + 0). Let w(y) = -y**2 + 4*y + 4. What is w(u)?
4
Let n be -7 + (-5)/(25/(-35)). Let r(l) = -l + 2. Give r(n).
2
Let z(v) = -4 - 3*v - 1 - 4. Suppose 7*n + a = 2*n + 92, 0 = -2*n + 3*a + 30. Suppose -2*x - n + 6 = 0. Determine z(x).
9
Let z(y) = 3*y - 8. Let a be z(4). Let j(l) = 0 - 4 - 9*l + a. What is j(-1)?
9
Let u = -12 + 15. Let c be u*64/12 + 2. Let p be (-3)/c - 37/(-6). Let x(r) = r + 5. What is x(p)?
11
Let t(c) = 7*c**2 + 10*c + 1. Let d(m) = 8*m**2 + 18*m + 4. Let a(p) = -p**2 - p. Let n(y) = -12*a(y) + d(y). Let q(s) = 6*n(s) - 17*t(s). What is q(-6)?
-17
Let t(o) be the third derivative of o**4/12 - 13*o**3/6 - 316*o**2. Give t(9).
5
Let n = 11 - 8. Let v = 1 - n. Let b(t) be the second derivative of t**5/10 + t**4/4 + t**3/3 - t**2/2 + 10*t. Give b(v).
-9
Let u(d) = d**3 - 7*d**2 + 9*d - 8. Let l be u(6). Suppose -n - 12 = 2*r - 5*r, -n + 2*r = l. Let o(w) = w**3 + 7*w**2 + 4*w - 2. Calculate o(n).
10
Let d(y) be the second derivative of -y**5/20 - 13*y**4/12 - 7*y**3/3 - 13*y**2/2 - 6*y + 51. Calculate d(-12).
11
Let p(y) be the third derivative of -y**4/8 + 7*y**2. Let s(q) = -q**2 + 3*q + 2. Let o be s(3). Calculate p(o).
-6
Let x(c) = -4*c**2 - c + 1. Let k(w) = 17*w**2 + 15*w - 1. Let u(b) = -k(b) - 4*x(b). What is u(-11)?
-3
Let g(c) = c**2 - 28*c + 60. Let u be g(28). Suppose 0*j + u = 12*j. Let v(l) = l**2 - 4*l + 2. Calculate v(j).
7
Let l be -1*(-1 - (-1 + 1)). Let n(o) = 56*o**3 - o**2 - 4*o - 8. Let x(f) = 68*f**3 - f**2 - 5*f - 10. Let k(i) = 5*n(i) - 4*x(i). What is k(l)?
7
Let i be (6/(-2))/(-6)*6. Let y(z) = z**2 - 4*z - 4. Let g be y(i). Let f(w) = w**2 + 6*w - 3. Give f(g).
4
Let c(b) be the third derivative of 23*b**4/24 - 29*b**3/6 - 21*b**2. Let d(z) = -4*z + 5. Let w(n) = -6*c(n) - 34*d(n). Let t = -2 - -8. Give w(t).
-8
Let z be (-29)/(-9) + (-4)/18. Suppose z = 7*t - 32. Suppose t*m - 5*b + 5 = 0, 0 = 2*m + b - 5 - 2. Let f(o) = -4*o**2 - 3*o + 3. Give f(m).
-19
Let v(w) = -23*w - 2. Suppose -4*q = 5*m + 1, 4*m - 5*q + 10 = -m. Give v(m).
21
Suppose 8 = 5*a - a. Let b(x) = 4*x - 1. Let v(w) = 25*w - 4. Let k(c) = 6*b(c) - v(c). Calculate k(a).
-4
Let c(o) = 2*o - 2. Let q(u) = -1. Let n(t) = 2. Let g(p) = -2*n(p) - 3*q(p). Let s(l) = -c(l) + 3*g(l). Let v = 3 + -1. Determine s(v).
-5
Let c(h) = -6*h + 13. Let m(z) = 3*z + 42. Let a be m(-11). Give c(a).
-41
Let x(g) = g**3 + 0*g - 6*g**2 - 15 + 0*g**2 - 3*g - 5*g**3 + 3*g**3. Give x(-6).
3
Let l(n) = -n**3 - 3*n**2 + 2*n + 4. Let c be l(-3). Let o(s) = s + 0*s - 320 + 639 - 321. Give o(c).
-4
Let b(x) = -20*x + 65. Let o be b(3). Let q(v) = -2*v**2 + 5*v + 2. Give q(o).
-23
Let v(m) be the second derivative of -m**4/6 + 2*m**3/3 + 3*m**2 + 20*m. Let y(i) = -i - 1. Let n(r) = v(r) + 4*y(r). Determine n(2).
-6
Let i(w) be the third derivative of 0*w + 0 + 0*w**4 + 1/60*w**5 + 18*w**2 + 5/3*w**3. Calculate i(0).
10
Let p(a) = 20*a**3 - 5*a**2 + 12*a - 72. Let j(u) = 9*u**3 - u**2 + 6*u - 36. Let g(l) = 9*j(l) - 4*p(l). What is g(-10)?
4
Let m(d) = d**2 + 6*d + 3. Let i(g) = g**3 + 9*g**2 + g + 3. Let w = -9 - 0. Let j be i(w). Give m(j).
3
Let c = 119 + -114. Let j(u) = -u**2 + 6*u - u**2 - 7 - c*u**2 + 6*u**2. What is j(7)?
-14
Suppose 2*c + 59*k - 58*k + 6 = 0, 5*c = 2*k - 15. Let b(w) = -w**3 + 2*w - 2. What is b(c)?
19
Let a(u) = 17*u**2 - 1. Suppose 15*l + 25 = 20*l - 5*h, -5*l - 2*h = 3. Calculate a(l).
16
Let s(l) = -l + 11. Suppose 6 = y + 3*z + 2*z, -2*y - 2*z = 20. Let i be (y/1)/(1/(-1)). Let j be s(i). Let h(c) = -c**3 - 3*c**2 + 1. What is h(j)?
1
Let l be ((-72)/(-10))/(2 + 192/(-100)). Let f(p) = -3 + 6 + 89*p - l*p. Calculate f(-4).
7
Suppose 2 - 8 = -3*p. Let f be -1 + 4/p + (4 - 10). Let k(b) = -b - 5. Give k(f).
0
Let q = 252 + -246. Let l(x) = -x**3 + 7*x**2 - 6*x + 9. Calculate l(q).
9
Let o(g) = -2*g**3 - 6*g**2 + 2*g - 1. Let y(m) = m**3 + m**2 + m + 2. Let h(t) = o(t) + y(t). Let w(k) = -3*k**2 + 4*k - 2. Let x be w(2). Calculate h(x).
19
Let t(x) = -4 - 5*x + 354*x**2 - 2*x - 353*x**2. Suppose -h = -5*b + 9, 0 = 5*h + 2*b - 41 - 49. Let w be (-2)/(-8) - (-92)/h. Calculate t(w).
-10
Let m(x) = -x**2 + 3*x - 2. Let u(p) = p - 11. Let f be u(12). Suppose 2*z - 4*q = 8, q + 1 = -f. Suppose -2*o + 8 = -5*a - 5, z = 4*o + 4*a - 12. Give m(o).
-6
Suppose -3*u + 7*u = 16. Suppose 3*j - 8 = -3*m + 10, j = -u*m + 21. Let f(l) = -l**2 + 4*l - 2. Calculate f(m).
-7
Let h = 24 + -18. Let z(r) = -r**3 + 7*r**2 - 4*r - 5. Determine z(h).
7
Let b(x) = 4*x - 34 - 5*x - 25 - 36 + 124. Give b(10).
19
Let h(y) = y**3 + y**2 - y + 1. Suppose 3*r - 4 = 11. Let i(a) = 6*a**3 - 6*a**2 - 7*a + 20. Let l(v) = r*h(v) - i(v). Determine l(11).
7
Let y(g) = g**3 + 9*g**2 - 1. Let w = -26 - -28. Suppose 32 = -4*k + 4*x, -w*k - 22 = k - 5*x. Give y(k).
-1
Let i(q) = q**2 - q - 1. Let t be (-18)/(-8) + 3/(-12). Let o be (-1)/4*t*-6. Determine i(o).
5
Suppose 2*c - 12 - 8 = -2*g, 3*c + 2*g - 26 = 0. Let u be (-3)/(c/(-64)) + -3. Suppose -1 - u = 5*m. Let t(p) = -2*p - 5. Give t(m).
7
Let h(f) be the third derivative of -f**5/60 - f**4/12 + f**3/6 - 10*f**2. Let p be ((-16)/(-10))/((-4)/(-10)). Suppose z = 2*z + p. Calculate h(z).
-7
Let q = 485 - 501. Let r(d) = -d**3 - 16*d**2 + 6. Calculate r(q).
6
Let d(z) be the first derivative of -z**2/2 - 7*z - 85. What is d(-9)?
2
Let f be (60 - 52) + (-7 - -1). Let d(c) = -8*c + 6. What is d(f)?
-10
Suppose 12 = -2*a + 8*a. Let f(h) be the first derivative of -7*h**2/2 - h + 11. D